 j(4).
-59
Let b(g) = g**3 + 27*g**2 - 57*g + 52. Determine b(-29).
23
Let k(a) = 155*a**3 + 2*a**2 - a. Give k(1).
156
Let g(i) = i**3 - 4*i**2 - 29*i - 17. Determine g(8).
7
Let i(m) = -3*m**2 + 150*m + 154. Give i(51).
1
Let g(c) = -c**2 + 38*c - 340. What is g(25)?
-15
Let q(g) = -8*g + 2. Determine q(3).
-22
Let a(p) = -p**3 + 19*p**2 + 43*p - 13. Calculate a(21).
8
Let f(s) = s**3 + s**2 + s - 27. Calculate f(0).
-27
Let f(g) = g**2 + 11*g + 13. What is f(-5)?
-17
Let t(s) = 4*s - 61. What is t(19)?
15
Let n(s) = s**3 + 15*s**2 + 13*s + 7. Give n(-15).
-188
Let q(w) = -w**2 - 7*w + 18. Calculate q(-10).
-12
Let z(f) = f**3 - 11*f**2 + 6. Calculate z(11).
6
Let z(k) = 11*k - 78. What is z(7)?
-1
Let c(d) = d**2 - 3*d + 3. Calculate c(-4).
31
Let c(o) = -o**2 + 27*o - 21. Calculate c(27).
-21
Let w(b) = -15*b. Determine w(1).
-15
Let n(i) = -2*i + 30. Give n(0).
30
Let c(g) = g**2 - g - 6. Give c(0).
-6
Let u(x) = x**3 - 9*x**2 - 8*x - 20. Give u(10).
0
Let v(r) = 5*r**2 - 11. Determine v(3).
34
Let o(w) = -w**3 + 11*w**2 - 2*w - 2. Determine o(8).
174
Let n(d) = 2*d**3 + 5*d**2 + d - 4. Calculate n(-5).
-134
Let s(p) = 7*p**3 + 2*p**2 + 8*p + 6. Give s(-1).
-7
Let w(y) = -14*y**2 + 46*y - 13. Determine w(3).
-1
Let r(f) = -f**2 + 10*f + 2. Calculate r(9).
11
Let b(c) = -c**3 - 6*c**2 + 2*c - 13. Give b(-7).
22
Let c(j) = 102*j + 487. Give c(-5).
-23
Let h(c) = -c**2 + 22*c + 51. Determine h(24).
3
Let b(h) = -h**3 + 8*h**2 - 3*h - 60. What is b(5)?
0
Let z(m) = -m**3 - 2*m**2 + 9*m + 8. Give z(-5).
38
Let y(w) = -w**3 + 9*w**2 - w + 20. Determine y(9).
11
Let o(w) = 6*w**3 + w**2 + w + 4. Give o(2).
58
Let a(j) = -j**2 + 14*j + 15. Give a(16).
-17
Let o(q) = -q**3 - 20*q**2 - 2*q - 9. Determine o(-20).
31
Let a(p) = -p**2 + 7*p - 12. What is a(10)?
-42
Let j(p) = 6*p**3 - p**2 + 5*p + 3. Determine j(-2).
-59
Let k(h) = -2*h - 2. Determine k(-1).
0
Let r(f) = f**2 - 44*f + 192. Determine r(5).
-3
Let l(s) = s**2 + s - 4. Calculate l(0).
-4
Let y(z) = -z**3 - 5*z**2 + 29*z + 30. Give y(-8).
-10
Let q(c) = 6*c - 1. What is q(-3)?
-19
Let k(q) = q**3 + 7*q**2 - 6*q - 11. What is k(-8)?
-27
Let d(w) = 37*w + 335. Give d(-9).
2
Let d(m) = 24*m + 1336. Calculate d(-56).
-8
Let o(i) = -8*i**2 - 4*i + 4. Determine o(2).
-36
Let v(o) = 6*o + 84. Calculate v(-19).
-30
Let g(d) = -d**2 - 8*d + 1. Determine g(-7).
8
Let l(x) = -2*x**2 + 7*x - 3. Give l(6).
-33
Let y(p) = -p**3 - p**2 + p - 1. Calculate y(0).
-1
Let c(q) = -5*q + 99. What is c(12)?
39
Let d(p) = -p - 10. Calculate d(-7).
-3
Let i(d) = 2*d - 23. What is i(7)?
-9
Let y(s) = 206*s - 201. What is y(1)?
5
Let g(h) = -h**3 - 7*h**2 - 21*h - 98. Determine g(-6).
-8
Let b(q) = -3*q**3 - 24*q**2 + 3*q + 21. Determine b(-8).
-3
Let t(h) = -h**3 - 12*h**2 - 14*h - 22. Determine t(-11).
11
Let l(a) = 28*a + 7. Give l(-3).
-77
Let p(z) = -6*z + 27. Determine p(0).
27
Let g(f) = -4*f + 23. What is g(6)?
-1
Let y(o) = -7*o**3 + 3*o + 2. Determine y(-1).
6
Let s(b) = 3*b + 53. Give s(6).
71
Let b(d) = -d**3 - 13*d**2 - 3*d - 23. Calculate b(-13).
16
Let c(m) = m**2 - 29*m + 159. Calculate c(21).
-9
Let s(z) = -z**3 - 18*z**2 + 15*z - 25. Determine s(-19).
51
Let o(n) = 82*n - 165. Give o(2).
-1
Let s(t) = t**3 + 6*t**2 + 3*t + 41. Calculate s(-7).
-29
Let c(u) = u**2 + 12*u - 9. What is c(-12)?
-9
Let z(h) = -19*h**2 - 2*h - 1. Give z(-1).
-18
Let b(j) = -2*j**2 + 2. Give b(-1).
0
Let p(y) = -7*y + 26. Calculate p(10).
-44
Let t(o) = -4*o - 2. Determine t(6).
-26
Let u(y) = -y**2 - 4*y + 13. Give u(-7).
-8
Let c(t) = t + 29. Give c(-17).
12
Let s(p) = p**3 - 2*p**2 + 3. Give s(2).
3
Let v(l) = -l**2 + 15*l - 20. Give v(14).
-6
Let n(m) = m**3 + 9*m**2 + 8*m + 15. Calculate n(-7).
57
Let i(z) = -z**2 - 17*z + 3. Determine i(-17).
3
Let f(c) = -c**3 - 67*c**2 + 68*c + 6. What is f(-68)?
6
Let a(k) = -k**3 + k - 4. What is a(0)?
-4
Let r(v) = -2*v + 3. What is r(2)?
-1
Let t(i) = -i**3 - 11*i**2 - 12*i + 2. What is t(-10)?
22
Let k(p) = -p**2 + 24*p + 16. Give k(26).
-36
Let r(p) = -p**3 - 8*p**2 + 28*p + 10. Give r(-11).
65
Let m(k) = -3*k - 59. What is m(-18)?
-5
Let h(k) = -10*k - 7. Give h(-2).
13
Let v(c) = -25*c**2 - 4*c - 4. Calculate v(-2).
-96
Let p(x) = -x**2 + 10*x + 14. Determine p(14).
-42
Let b(w) = -16*w**3 + w**2 + w + 1. What is b(-1)?
17
Let h(n) = n**2 + 2*n + 6. Calculate h(-6).
30
Let j(r) = 18*r + 18. Give j(0).
18
Let s(h) = -h**3 + 7*h**2 - 2*h + 1. Give s(7).
-13
Let k(l) = 5*l - 74. Determine k(16).
6
Let z(w) = 13*w**2 + 2*w - 3. Calculate z(1).
12
Let x(t) = -13*t - 35. Calculate x(-2).
-9
Let h(s) = -4*s**2 + 186*s + 105. Determine h(47).
11
Let p(f) = -f**3 + 6*f**2 + 7*f - 13. What is p(7)?
-13
Let l(u) = u**2 - 10*u - 23. Give l(12).
1
Let x(g) = g**3 - 10*g**2 + 3*g - 19. Calculate x(10).
11
Let i(q) = -q**2 - 2*q - 9. Calculate i(0).
-9
Let g(v) = -v**2 - 14*v - 17. What is g(-13)?
-4
Let a(v) = -5*v**2 - 88*v - 44. Calculate a(-17).
7
Let p(v) = v**2 - v - 1. Give p(-2).
5
Let p(l) = -l**3 - 3*l**2 - 4*l - 6. Give p(-2).
-2
Let v(b) = -27*b - 23. Give v(-1).
4
Let a(r) = -r**3 - 30*r**2 + 32*r + 38. What is a(-31)?
7
Let f(a) = -a**3 - 12*a**2 + 14*a + 1. Determine f(-13).
-12
Let d(m) = 2*m**3 - 2*m**2 - 3*m + 3. Determine d(3).
30
Let g(m) = m**2 - 2*m - 4. What is g(4)?
4
Let s(z) = z**3 - 13*z**2 + 39*z - 21. Calculate s(9).
6
Let t(l) = -l**3 - 2*l + 5. Calculate t(3).
-28
Let n(d) = -6*d**3 - 2*d**2 + 2*d - 1. Give n(1).
-7
Let m(k) = -12*k**3 + 4*k**2 - 3*k + 2. Calculate m(1).
-9
Let l(q) = -84*q - 52. Give l(-1).
32
Let l(y) = y**3 + 24*y**2 - 3. What is l(-24)?
-3
Let w(f) = -2*f**2 - 3*f. Calculate w(-3).
-9
Let s(i) = 2*i**3 - 5*i - 7. Give s(-2).
-13
Let o(l) = -3*l + 26. What is o(6)?
8
Let w(g) = -g**3 - 3*g**2 - 3*g + 1. What is w(-3)?
10
Let x(t) = -18*t**2 + t. Determine x(1).
-17
Let p(h) = -h**2 - 2*h + 70. Calculate p(7).
7
Let v(i) = i**2 - 5*i + 1. Determine v(4).
-3
Let o(y) = -100*y**3 - y. What is o(1)?
-101
Let i(y) = y - 8. Give i(8).
0
Let j(t) = 5*t + 18. Determine j(6).
48
Let k(p) = p**2 - 23*p - 39. Give k(25).
11
Let j(h) = -h**2 - 3*h + 6. Determine j(-4).
2
Let w(v) = v**3 - 4*v**2 + 6*v - 10. Calculate w(3).
-1
Let d(z) = -7*z**2 - 5*z - 2. Calculate d(-1).
-4
Let p(w) = 4*w**3 - 30*w**2 - 20*w + 1. What is p(8)?
-31
Let j(w) = w**2 + 12*w + 3. Determine j(-8).
-29
Let m(v) = -v**2 + 7*v + 5. Determine m(8).
-3
Let d(i) = 19*i**2 + 9*i + 3. Give d(-3).
147
Let q(j) = j**3 + 5*j**2 + j - 4. What is q(-4)?
8
Let k(w) = -2*w**2 - 5*w + 3. Calculate k(-4).
-9
Let t(o) = -o**2 + 12*o - 3. Determine t(8).
29
Let b(c) = c**3 + 3*c**2 + 2. Calculate b(-3).
2
Let p(b) = b**3 - 10*b**2 + 5*b - 47. Give p(10).
3
Let z(k) = k**3 - k**2 + k - 15. Calculate z(0).
-15
Let n(t) = 14*t + 4. What is n(-2)?
-24
Let r(j) = j**3 + 7*j**2 - 3*j - 17. Calculate r(-7).
4
Let w(q) = 3*q**2 - 10*q + 13. What is w(6)?
61
Let d(w) = -w**2 + 3*w + 1. What is d(-3)?
-17
Let i(u) = -3*u + 6. Calculate i(8).
-18
Let s(d) = -d**2 - 6*d - 10. Determine s(-3).
-1
Let l(v) = -v**2 - 5*v - 4. What is l(-3)?
2
Let r(b) = b**3 + 7*b**2 + 5*b + 17. Calculate r(-6).
23
Let y(k) = k**3 - 40*k**2 - 86*k + 77. Determine y(42).
-7
Let s(d) = -d. What is s(2)?
-2
Let t(b) = b - 4. What is t(-3)?
-7
Let s(q) = -q**3 - 14*q**2 - 3*q - 6. Calculate s(-14).
36
Let f(g) = -g**3 - 6*g**2 - 2*g - 2. Determine f(-5).
-17
Let o(f) = f**2 - 2*f - 6. Calculate o(6).
18
Let v(y) = 3*y**2 + y + 93. What is v(0)?
93
Let v(i) = -i**3 + 7*i**2 + 41*i + 22. Calculate v(11).
-11
Let j(h) = -h**3 + 7*h**2 + 3*h + 1. What is j(7)?
22
Let q(v) = v**2 + 7*v - 6. Give q(-7).
-6
Let p(t) = t**2 + 4*t - 18. Calculate p(3).
3
Let z(m) = m**3 - 8*m**2 + 8*m + 4. Give z(7).
11
Let t(j) = -j**3 + 2*j + 6. Determine t(0).
6
Let y(q) = -q**2 + 16*q + 31. Calculate y(15).
46
Let w(u) = u**2 - 43*u + 159. Calculate w(39).
3
Let s(c) = -14*c + 189. Give s(8).
77
Let s(m) = 4*m**2 + 55*m - 7. What is s(-14)?
7
Let q(n) = n**2 + 5*n - 23. What is q(-11)?
43
Let y(b) = -3*b**3 + 4*b**2 - b + 16. Give y(5).
-264
Let h(m) = -2*m**2 + 66*m - 64. Calculate h(32).
0
Let z(x) = -x**3 + 10*x**2 - 4*x + 26. Give z(10).
-14
Let a(r) = r**2 + 13*r + 13. Determine a(-12).
1
Let k(i) = 15*i + 85. Determine k(-5).
10
Let u